{"id":485,"date":"2017-07-07T09:33:50","date_gmt":"2017-07-07T00:33:50","guid":{"rendered":"https:\/\/2017.tokyo.wordcamp.org\/?page_id=485"},"modified":"2017-07-27T02:31:45","modified_gmt":"2017-07-26T17:31:45","slug":"location","status":"publish","type":"page","link":"https:\/\/tokyo.wordcamp.org\/2017\/en\/location\/","title":{"rendered":"Location"},"content":{"rendered":"<h2 id=\"p01\">Venue<\/h2>\n<dl>\n<dt>Belle salle Shinjuku Grand 5th Floor Conference Center<\/dt>\n<dd>\n<div id=\"attachment_520\" style=\"width: 209px\" class=\"wp-caption alignright\"><img data-recalc-dims=\"1\" loading=\"lazy\" decoding=\"async\" aria-describedby=\"caption-attachment-520\" data-attachment-id=\"520\" data-permalink=\"https:\/\/tokyo.wordcamp.org\/2017\/en\/location\/398px-shinjuku_grand_tower_from_north-east2012-3-12\/\" data-orig-file=\"https:\/\/i0.wp.com\/tokyo.wordcamp.org\/2017\/files\/2017\/07\/398px-Shinjuku_Grand_Tower_from_north-east2012.3.12.jpg?fit=398%2C600&amp;ssl=1\" data-orig-size=\"398,600\" data-comments-opened=\"0\" data-image-meta=\"{&quot;aperture&quot;:&quot;0&quot;,&quot;credit&quot;:&quot;&quot;,&quot;camera&quot;:&quot;&quot;,&quot;caption&quot;:&quot;&quot;,&quot;created_timestamp&quot;:&quot;0&quot;,&quot;copyright&quot;:&quot;&quot;,&quot;focal_length&quot;:&quot;0&quot;,&quot;iso&quot;:&quot;0&quot;,&quot;shutter_speed&quot;:&quot;0&quot;,&quot;title&quot;:&quot;&quot;,&quot;orientation&quot;:&quot;0&quot;}\" data-image-title=\"Shinjuku Grand Tower from north east\" data-image-description=\"\" data-image-caption=\"&lt;p&gt;Photo credit: &lt;a href=&quot;https:\/\/ja.wikipedia.org\/wiki\/%E3%83%95%E3%82%A1%E3%82%A4%E3%83%AB:Shinjuku_Grand_Tower_from_north-east2012.3.12.JPG&quot;&gt;Mountainlife \/ Wikipedia&lt;\/a&gt;&lt;\/p&gt;\n\" data-large-file=\"https:\/\/i0.wp.com\/tokyo.wordcamp.org\/2017\/files\/2017\/07\/398px-Shinjuku_Grand_Tower_from_north-east2012.3.12.jpg?fit=398%2C600&amp;ssl=1\" class=\"size-medium wp-image-520\" src=\"https:\/\/i0.wp.com\/2017.tokyo.wordcamp.org\/files\/2017\/07\/398px-Shinjuku_Grand_Tower_from_north-east2012.3.12-199x300.jpg?resize=199%2C300&#038;ssl=1\" alt=\"\" width=\"199\" height=\"300\" srcset=\"https:\/\/i0.wp.com\/tokyo.wordcamp.org\/2017\/files\/2017\/07\/398px-Shinjuku_Grand_Tower_from_north-east2012.3.12.jpg?resize=199%2C300&amp;ssl=1 199w, https:\/\/i0.wp.com\/tokyo.wordcamp.org\/2017\/files\/2017\/07\/398px-Shinjuku_Grand_Tower_from_north-east2012.3.12.jpg?w=398&amp;ssl=1 398w\" sizes=\"auto, (max-width: 199px) 100vw, 199px\" \/><p id=\"caption-attachment-520\" class=\"wp-caption-text\">Photo credit: <a href=\"https:\/\/ja.wikipedia.org\/wiki\/%E3%83%95%E3%82%A1%E3%82%A4%E3%83%AB:Shinjuku_Grand_Tower_from_north-east2012.3.12.JPG\">Mountainlife \/ Wikipedia<\/a><\/p><\/div>\n<p>Nishishinjuku 8-17-1, Shinjuku-ku, Tokyo<br \/>\nSumitomo Fudosan Shinjuku Grand Tower<br \/>\nZIP: 160-6105<br \/>\n<a href=\"https:\/\/www.bellesalle.co.jp\/shisetsu\/shinjuku\/bs_shinjukugrand\/access\" target=\"_blank\" rel=\"noopener\">https:\/\/www.bellesalle.co.jp\/shisetsu\/shinjuku\/bs_shinjukugrand\/access<\/a><\/dd>\n<\/dl>\n<p><em>Note that there are three different Bell Salles in Shinjuku.<\/em><\/p>\n<div class=\"googlemaps\"><div class=\"googlemaps\">\n\t\t\t\t<iframe loading=\"lazy\" width=\"700\" height=\"350\" frameborder=\"0\" scrolling=\"no\" marginheight=\"0\" marginwidth=\"0\"  src=\"https:\/\/www.google.com\/maps\/embed?pb=!1m18!1m12!1m3!1d3240.204009796!2d139.68850631528298!3d35.696596980190655!2m3!1f0!2f0!3f0!3m2!1i1024!2i768!4f22!3m3!1m2!1s0x60188d2b43cd0117:0xa0601542ddf0ec9b!2z5L2P5Y-L5LiN5YuV55Sj5paw5a6_44Kw44Op44Oz44OJ44K_44Ov44O8!5e0!3m2!1sja!2sjp!4v1457280708881&#038;z=14\"><\/iframe>\n\t\t\t<\/div><\/div>\n<h3 id=\"p02-1\">Access by Trains and Subways<\/h3>\n<dl>\n<dt>Shinjuku Station<\/dt>\n<dd>15-minutes walk from the <strong>East Exit<\/strong>.<br \/>\nJR Ch\u016b\u014d-S\u014dbu Line, JR Ch\u016b\u014d Line, JR Yamanote Line, Metro Marunouchi Line (M 08), Odaky\u016b Line, Kei\u014d Line, or Toei \u014cedo Line (E 27).<\/dd>\n<dt>Nishi-Shinjuku Station<\/dt>\n<dd>3-minutes walk from Exit <strong>No. 1<\/strong>.<br \/>\nMetro Marunouchi Line (M 07).<\/dd>\n<dt>Toch\u014dmae Station<\/dt>\n<dd>7-minutes walk from Exit <strong>E4<\/strong>.<br \/>\nToei \u014cedo Line (E 28).<\/dd>\n<dt>Shinjuku-Nishiguchi Station<\/dt>\n<dd>11-minutes from Exit <strong>D4<\/strong>.<br \/>\nToei \u014cedo Line (E 01).<\/dd>\n<\/dl>\n<h3 id=\"p02-2\">Access from JR Shinkansen Stations<\/h3>\n<ul>\n<li>Tokyo Station \u2192 [ transfer to JR Ch\u016b\u014d Line ] \u2192 Shinjuku Station \u2192 15 minutes walk from the <strong>East Exit<\/strong><\/li>\n<li>Shinagawa Station \u2192 [ transfer to JR Yamanote Line ] \u2192 Shinjuku Station \u2192 15 minutes walk from the <strong>East Exit<\/strong><\/li>\n<\/ul>\n<h3 id=\"p02-3\">Access from the Airports<\/h3>\n<h4>Haneda Airport<\/h4>\n<dl>\n<dt>Airport Limousine Bus<\/dt>\n<dd>Take a Shinjuku-bound bus. It takes around 60 minutes.<br \/>\nGet off at the &#8220;Hilton Tokyo&#8221; stop and walk for 5 minutes.<\/dd>\n<dd><a href=\"http:\/\/www.limousinebus.co.jp\/en\/bus_services\/haneda\/index\">http:\/\/www.limousinebus.co.jp\/en\/bus_services\/haneda\/index<\/a><\/dd>\n<dt>Trains from the Haneda Airport<\/dt>\n<dd>Around 60 minutes with Keiky\u016b Line.<br \/>\nTransfer to JR Yamanote Line at Shinagawa Station. Get off at Shinjuku Station and walk 15 minutes from the <strong>East Exit<\/strong>.<\/dd>\n<dd><a href=\"http:\/\/www.haneda-tokyo-access.com\/en\/transport\/index.html#001\">http:\/\/www.haneda-tokyo-access.com\/en\/transport\/index.html#001<\/a><\/dd>\n<\/dl>\n<h4>Narita airport<\/h4>\n<dl>\n<dt>Airport Limousine Bus<\/dt>\n<dd>Take a Shinjuku-bound\u00a0bus. It takes around 140 minutes.<br \/>\nGet off at the &#8220;Hilton Tokyo&#8221; stop and walk for 5 minutes.<br \/>\n<a href=\"http:\/\/www.limousinebus.co.jp\/en\/bus_services\/narita\/index\" target=\"_blank\" rel=\"noopener\">http:\/\/www.limousinebus.co.jp\/en\/bus_services\/narita\/index<\/a><\/dd>\n<dt>JR Narita Express (N&#8217;EX)<\/dt>\n<dd>It takes around 90 minutes. Get off at Shinjuku Station and walk for 15 minutes from the <strong>East Exit<\/strong>.<br \/>\n<a href=\"http:\/\/www.jreast.co.jp\/e\/nex\/\" target=\"_blank\" rel=\"noopener\">http:\/\/www.jreast.co.jp\/e\/nex\/<\/a><\/dd>\n<dt>Keisei Line<\/dt>\n<dd>After 90 minutes trip from the Airport to Nippori Station, transfer to JR Yamanote Line. Get off at Shinjuku Station and walk for 15 minutes from the <strong>East Exit<\/strong>.<br \/>\n<a href=\"http:\/\/www.keisei.co.jp\/keisei\/tetudou\/skyliner\/us\/index.php\" target=\"_blank\" rel=\"noopener\">http:\/\/www.keisei.co.jp\/keisei\/tetudou\/skyliner\/us\/index.php<\/a><\/dd>\n<\/dl>\n<h3 id=\"p02-4\">Access by Car<\/h3>\n<p>There is no parking at the venue, so please find a parking space nearby.\u00a0We recommend coming by public transportation.<\/p>\n<h4>Highway Interchanges<\/h4>\n<dl>\n<dt>Shutoko 4-go Shinjuku Line, Shinjuku Interchange<\/dt>\n<dd><a href=\"http:\/\/www.shutoko.jp\/use\/network\/map\/route-4\/shinjuku\/\" target=\"_blank\" rel=\"noopener\">http:\/\/www.shutoko.jp\/use\/network\/map\/route-4\/shinjuku\/<\/a><\/dd>\n<dt>Shutoko Ch\u016b\u014dkanj\u014d Line Nakanoch\u014djabashi Interchange<\/dt>\n<dd><a href=\"http:\/\/www.shutoko.jp\/use\/network\/map\/route-c2\/nakanochoujabashi\/\" target=\"_blank\" rel=\"noopener\">http:\/\/www.shutoko.jp\/use\/network\/map\/route-c2\/nakanochoujabashi\/<\/a><\/dd>\n<\/dl>\n<h4>Parking Guide<\/h4>\n<p><a href=\"https:\/\/www.bellesalle.co.jp\/uploads\/01_shisetsu\/00_pdf\/access\/003_bs_shinjyuku_G2014-02-12.pdf\" target=\"_blank\" rel=\"noopener\">https:\/\/www.bellesalle.co.jp\/uploads\/01_shisetsu\/00_pdf\/access\/003_bs_shinjyuku_G2014-02-12.pdf<\/a><\/p>\n","protected":false},"excerpt":{"rendered":"<p>Venue Belle salle Shinjuku Grand 5th Flo &hellip; <a href=\"https:\/\/tokyo.wordcamp.org\/2017\/en\/location\/\"><span class=\"assistive-text\">Location<\/span>  \u7d9a\u304d\u3092\u8aad\u3080 <span class=\"meta-nav\">&rarr;<\/span><\/a><\/p>\n","protected":false},"author":5697464,"featured_media":520,"parent":905,"menu_order":30,"comment_status":"closed","ping_status":"closed","template":"","meta":{"_crdt_document":"","jetpack_post_was_ever_published":false,"footnotes":""},"class_list":["post-485","page","type-page","status-publish","has-post-thumbnail","hentry"],"jetpack_sharing_enabled":true,"jetpack_shortlink":"https:\/\/wp.me\/P8hOaJ-7P","_links":{"self":[{"href":"https:\/\/tokyo.wordcamp.org\/2017\/wp-json\/wp\/v2\/pages\/485","targetHints":{"allow":["GET"]}}],"collection":[{"href":"https:\/\/tokyo.wordcamp.org\/2017\/wp-json\/wp\/v2\/pages"}],"about":[{"href":"https:\/\/tokyo.wordcamp.org\/2017\/wp-json\/wp\/v2\/types\/page"}],"author":[{"embeddable":true,"href":"https:\/\/tokyo.wordcamp.org\/2017\/wp-json\/wp\/v2\/users\/5697464"}],"replies":[{"embeddable":true,"href":"https:\/\/tokyo.wordcamp.org\/2017\/wp-json\/wp\/v2\/comments?post=485"}],"version-history":[{"count":6,"href":"https:\/\/tokyo.wordcamp.org\/2017\/wp-json\/wp\/v2\/pages\/485\/revisions"}],"predecessor-version":[{"id":523,"href":"https:\/\/tokyo.wordcamp.org\/2017\/wp-json\/wp\/v2\/pages\/485\/revisions\/523"}],"up":[{"embeddable":true,"href":"https:\/\/tokyo.wordcamp.org\/2017\/wp-json\/wp\/v2\/pages\/905"}],"wp:featuredmedia":[{"embeddable":true,"href":"https:\/\/tokyo.wordcamp.org\/2017\/wp-json\/wp\/v2\/media\/520"}],"wp:attachment":[{"href":"https:\/\/tokyo.wordcamp.org\/2017\/wp-json\/wp\/v2\/media?parent=485"}],"curies":[{"name":"wp","href":"https:\/\/api.w.org\/{rel}","templated":true}]}}